{"id":225,"date":"2024-08-20T17:19:08","date_gmt":"2024-08-20T17:19:08","guid":{"rendered":"https:\/\/anjosdeouro.com.br\/?page_id=225"},"modified":"2024-08-20T17:43:50","modified_gmt":"2024-08-20T17:43:50","slug":"anjos","status":"publish","type":"page","link":"https:\/\/anjosdeouro.com.br\/","title":{"rendered":"Anjos De Ouro"},"content":{"rendered":"\t\t<div data-elementor-type=\"wp-page\" data-elementor-id=\"225\" class=\"elementor elementor-225\">\n\t\t\t\t\t\t\t\t\t<section class=\"elementor-section elementor-top-section elementor-element elementor-element-d8cfea6 elementor-section-boxed elementor-section-height-default elementor-section-height-default\" data-id=\"d8cfea6\" data-element_type=\"section\" data-settings=\"{&quot;background_background&quot;:&quot;classic&quot;}\">\n\t\t\t\t\t\t<div class=\"elementor-container elementor-column-gap-default\">\n\t\t\t\t\t<div class=\"elementor-column elementor-col-100 elementor-top-column elementor-element elementor-element-80a83e3\" data-id=\"80a83e3\" data-element_type=\"column\">\n\t\t\t<div class=\"elementor-widget-wrap elementor-element-populated\">\n\t\t\t\t\t\t\t\t<section class=\"elementor-section elementor-inner-section elementor-element elementor-element-c2d053c elementor-section-boxed elementor-section-height-default elementor-section-height-default\" data-id=\"c2d053c\" data-element_type=\"section\">\n\t\t\t\t\t\t<div class=\"elementor-container elementor-column-gap-default\">\n\t\t\t\t\t<div class=\"elementor-column elementor-col-100 elementor-inner-column elementor-element elementor-element-6845be3\" data-id=\"6845be3\" data-element_type=\"column\">\n\t\t\t<div class=\"elementor-widget-wrap elementor-element-populated\">\n\t\t\t\t\t\t\t\t<div class=\"elementor-element elementor-element-aacb417 elementor-widget elementor-widget-image\" data-id=\"aacb417\" data-element_type=\"widget\" data-widget_type=\"image.default\">\n\t\t\t\t<div class=\"elementor-widget-container\">\n\t\t\t<style>\/*! elementor - v3.8.1 - 13-11-2022 *\/\n.elementor-widget-image{text-align:center}.elementor-widget-image a{display:inline-block}.elementor-widget-image a img[src$=\".svg\"]{width:48px}.elementor-widget-image img{vertical-align:middle;display:inline-block}<\/style>\t\t\t\t\t\t\t\t\t\t\t\t<img decoding=\"async\" loading=\"lazy\" width=\"351\" height=\"52\" src=\"https:\/\/anjosdeouro.com.br\/wp-content\/uploads\/2022\/11\/Ativo-1-2.png\" class=\"attachment-large size-large\" alt=\"\" srcset=\"https:\/\/anjosdeouro.com.br\/wp-content\/uploads\/2022\/11\/Ativo-1-2.png 351w, https:\/\/anjosdeouro.com.br\/wp-content\/uploads\/2022\/11\/Ativo-1-2-300x44.png 300w\" sizes=\"(max-width: 351px) 100vw, 351px\" style=\"width:100%;height:14.81%;max-width:351px\" \/>\t\t\t\t\t\t\t\t\t\t\t\t\t\t\t<\/div>\n\t\t\t\t<\/div>\n\t\t\t\t\t<\/div>\n\t\t<\/div>\n\t\t\t\t\t\t\t<\/div>\n\t\t<\/section>\n\t\t\t\t<section class=\"elementor-section elementor-inner-section elementor-element elementor-element-9eea39c elementor-section-boxed elementor-section-height-default elementor-section-height-default\" data-id=\"9eea39c\" data-element_type=\"section\">\n\t\t\t\t\t\t<div class=\"elementor-container elementor-column-gap-default\">\n\t\t\t\t\t<div class=\"elementor-column elementor-col-100 elementor-inner-column elementor-element elementor-element-49783dd\" data-id=\"49783dd\" data-element_type=\"column\">\n\t\t\t<div class=\"elementor-widget-wrap elementor-element-populated\">\n\t\t\t\t\t\t\t\t<div class=\"elementor-element elementor-element-adb2f2d elementor-widget elementor-widget-heading\" data-id=\"adb2f2d\" data-element_type=\"widget\" data-widget_type=\"heading.default\">\n\t\t\t\t<div class=\"elementor-widget-container\">\n\t\t\t<style>\/*! elementor - v3.8.1 - 13-11-2022 *\/\n.elementor-heading-title{padding:0;margin:0;line-height:1}.elementor-widget-heading .elementor-heading-title[class*=elementor-size-]>a{color:inherit;font-size:inherit;line-height:inherit}.elementor-widget-heading .elementor-heading-title.elementor-size-small{font-size:15px}.elementor-widget-heading .elementor-heading-title.elementor-size-medium{font-size:19px}.elementor-widget-heading .elementor-heading-title.elementor-size-large{font-size:29px}.elementor-widget-heading .elementor-heading-title.elementor-size-xl{font-size:39px}.elementor-widget-heading .elementor-heading-title.elementor-size-xxl{font-size:59px}<\/style><h1 class=\"elementor-heading-title elementor-size-large\">sua transforma\u00e7\u00e3o espiritual COME\u00c7A AQUI!<\/h1>\t\t<\/div>\n\t\t\t\t<\/div>\n\t\t\t\t<div class=\"elementor-element elementor-element-2110666c elementor-widget__width-inherit elementor-widget elementor-widget-text-editor\" data-id=\"2110666c\" data-element_type=\"widget\" data-widget_type=\"text-editor.default\">\n\t\t\t\t<div class=\"elementor-widget-container\">\n\t\t\t<style>\/*! elementor - v3.8.1 - 13-11-2022 *\/\n.elementor-widget-text-editor.elementor-drop-cap-view-stacked .elementor-drop-cap{background-color:#818a91;color:#fff}.elementor-widget-text-editor.elementor-drop-cap-view-framed .elementor-drop-cap{color:#818a91;border:3px solid;background-color:transparent}.elementor-widget-text-editor:not(.elementor-drop-cap-view-default) .elementor-drop-cap{margin-top:8px}.elementor-widget-text-editor:not(.elementor-drop-cap-view-default) .elementor-drop-cap-letter{width:1em;height:1em}.elementor-widget-text-editor .elementor-drop-cap{float:left;text-align:center;line-height:1;font-size:50px}.elementor-widget-text-editor .elementor-drop-cap-letter{display:inline-block}<\/style>\t\t\t\t<p>Somos especialistas em artigos esot\u00e9ricos e produtos para trabalhos espirituais.&nbsp;<\/p><p><br><span style=\"letter-spacing: 0.2px;\">Fornecemos materiais para os melhores profissionais do Brasil.<\/span><\/p><p><span style=\"letter-spacing: 0.2px;\"><br><\/span><\/p>\n<p>Oferecemos servi\u00e7os de mentoria energ\u00e9tica e espiritual com os melhores profissionais para te ajudar&nbsp;<span style=\"letter-spacing: 0.2px; background-color: transparent;\">em sua jornada.<\/span><\/p>\t\t\t\t\t\t<\/div>\n\t\t\t\t<\/div>\n\t\t\t\t\t<\/div>\n\t\t<\/div>\n\t\t\t\t\t\t\t<\/div>\n\t\t<\/section>\n\t\t\t\t\t<\/div>\n\t\t<\/div>\n\t\t\t\t\t\t\t<\/div>\n\t\t<\/section>\n\t\t\t\t<section class=\"elementor-section elementor-top-section elementor-element elementor-element-2f7eb789 elementor-section-full_width elementor-section-content-middle elementor-section-height-default elementor-section-height-default\" data-id=\"2f7eb789\" data-element_type=\"section\" data-settings=\"{&quot;background_background&quot;:&quot;classic&quot;}\">\n\t\t\t\t\t\t<div class=\"elementor-container elementor-column-gap-extended\">\n\t\t\t\t\t<div class=\"elementor-column elementor-col-100 elementor-top-column elementor-element elementor-element-7c21cea3\" data-id=\"7c21cea3\" data-element_type=\"column\">\n\t\t\t<div class=\"elementor-widget-wrap elementor-element-populated\">\n\t\t\t\t\t\t\t\t<div class=\"elementor-element elementor-element-048e9d5 elementor-widget elementor-widget-heading\" data-id=\"048e9d5\" data-element_type=\"widget\" data-widget_type=\"heading.default\">\n\t\t\t\t<div class=\"elementor-widget-container\">\n\t\t\t<h2 class=\"elementor-heading-title elementor-size-default\">CNPJ: 36.716.614\/0001-11 <br>ANJOS DE OURO COMERCIO DE ARTIGOS ESOTERICOS LTDA.<\/h2>\t\t<\/div>\n\t\t\t\t<\/div>\n\t\t\t\t\t<\/div>\n\t\t<\/div>\n\t\t\t\t\t\t\t<\/div>\n\t\t<\/section>\n\t\t\t\t\t\t\t<\/div>\n\t\t","protected":false},"excerpt":{"rendered":"<p>sua transforma\u00e7\u00e3o espiritual COME\u00c7A AQUI! Somos especialistas em artigos esot\u00e9ricos e produtos para trabalhos espirituais.&nbsp; Fornecemos materiais para os melhores profissionais do Brasil. Oferecemos servi\u00e7os de mentoria energ\u00e9tica e espiritual com os melhores profissionais para te ajudar&nbsp;em sua jornada. CNPJ: 36.716.614\/0001-11 ANJOS DE OURO COMERCIO DE ARTIGOS ESOTERICOS LTDA.<\/p>\n","protected":false},"author":1,"featured_media":0,"parent":0,"menu_order":0,"comment_status":"closed","ping_status":"closed","template":"","meta":{"om_disable_all_campaigns":false,"_mi_skip_tracking":false,"footnotes":""},"aioseo_notices":[],"_links":{"self":[{"href":"https:\/\/anjosdeouro.com.br\/index.php\/wp-json\/wp\/v2\/pages\/225"}],"collection":[{"href":"https:\/\/anjosdeouro.com.br\/index.php\/wp-json\/wp\/v2\/pages"}],"about":[{"href":"https:\/\/anjosdeouro.com.br\/index.php\/wp-json\/wp\/v2\/types\/page"}],"author":[{"embeddable":true,"href":"https:\/\/anjosdeouro.com.br\/index.php\/wp-json\/wp\/v2\/users\/1"}],"replies":[{"embeddable":true,"href":"https:\/\/anjosdeouro.com.br\/index.php\/wp-json\/wp\/v2\/comments?post=225"}],"version-history":[{"count":30,"href":"https:\/\/anjosdeouro.com.br\/index.php\/wp-json\/wp\/v2\/pages\/225\/revisions"}],"predecessor-version":[{"id":259,"href":"https:\/\/anjosdeouro.com.br\/index.php\/wp-json\/wp\/v2\/pages\/225\/revisions\/259"}],"wp:attachment":[{"href":"https:\/\/anjosdeouro.com.br\/index.php\/wp-json\/wp\/v2\/media?parent=225"}],"curies":[{"name":"wp","href":"https:\/\/api.w.org\/{rel}","templated":true}]}}